{"id":41,"date":"2014-04-11T15:24:56","date_gmt":"2014-04-11T13:24:56","guid":{"rendered":"http:\/\/www.hosekra.com\/strehe\/?page_id=41"},"modified":"2024-03-09T15:03:29","modified_gmt":"2024-03-09T14:03:29","slug":"stratos","status":"publish","type":"page","link":"https:\/\/www.hosekra.com\/strehe\/stresne-kritine\/stratos\/","title":{"rendered":"Stratos"},"content":{"rendered":"<p class=\"lead\">Stratos je popolna izbira, \u010de \u017eelite zdru\u017eiti trdnost z eleganco in tradicionalnim kerami\u010dnim stre\u0161nim izgledom. Streha je narejena iz jekla, visoke kakovosti. Z primerjavo z drugimi stre\u0161nimi kritinami ima tudi prednost v zelo nizki te\u017ei, 5 kg\/m2, kar nam zelo olaj\u0161a delo pri name\u0161\u010danju kritine.<\/p>\n<div class=\"row\"><div class=\"col-sm-6\"><br \/>\nStratos je prekrit s \u0161tevilnimi sloji cinka kot osnovo. Kritino vam tudi ponujamo z razli\u010dnimi povr\u0161inami in v raznih barvah.<br \/>\nStre\u0161no kritino Stratos je po \u017eelji mogo\u010de dobiti tudi z izolacijo. Ve\u010d o izolaciji si lahko preberete pod izolacija.<br \/>\n<\/div>\n<div class=\"col-sm-6\"><\/p>\n<h4>Tehni\u010dni podatki kritine<\/h4>\n<ul>\n<li>Prekrivajo\u010da \u0161irina: 1100 mm<\/li>\n<li>Vi\u0161ina profila: 24 (+16 mm v stre\u0161ni stopnici)<\/li>\n<li>Debelina: 0.40 &#8211; 0.60 mm standardna<\/li>\n<li>Te\u017ea: 4.40 kg\/m2 (pri 0,50 mm)<\/li>\n<\/ul>\n<p><\/div><\/div>\n<hr \/>\n<hr \/>\n<p><a href=\"https:\/\/www.hosekra.com\/strehe\/wp-content\/uploads\/sites\/3\/Stratos-A3.pdf\">Stratos-A3<\/a><br \/>\n<a href=\"https:\/\/www.hosekra.com\/strehe\/wp-content\/uploads\/sites\/3\/stresne_kritine_z_izolacijo.pdf\">stresne_kritine_z_izolacijo<\/a><br \/>\n<a href=\"https:\/\/www.hosekra.com\/strehe\/wp-content\/uploads\/sites\/3\/navodila_stratos.pdf\">navodila_stratos<\/a><br \/>\n<a href=\"https:\/\/www.hosekra.com\/strehe\/wp-content\/uploads\/sites\/3\/tehnicna_risba_stratus.pdf\">tehnicna_risba_stratus<\/a><\/p>\n<hr \/>\n<h2>Izolacija<\/h2>\n<div class=\"row\"><div class=\"col-sm-6\"><\/p>\n<p><div id=\"attachment_178\" style=\"width: 420px\" class=\"wp-caption alignnone\"><a href=\"https:\/\/www.hosekra.com\/strehe\/wp-content\/uploads\/sites\/3\/filc_stresne_izolacije.jpg\" data-rel=\"lightbox-image-0\" data-rl_title=\"\" data-rl_caption=\"\" title=\"\"><img decoding=\"async\" aria-describedby=\"caption-attachment-178\" class=\"size-full wp-image-178\" src=\"https:\/\/www.hosekra.com\/strehe\/wp-content\/uploads\/sites\/3\/filc_stresne_izolacije.jpg\" alt=\"Filc stre\u0161ne izolacije\" width=\"410\" \/><\/a><p id=\"caption-attachment-178\" class=\"wp-caption-text\">Filc stre\u0161ne izolacije<\/p><\/div><\/p>\n<p><\/div>\n<div class=\"col-sm-6\"><\/p>\n<p><div id=\"attachment_502\" style=\"width: 420px\" class=\"wp-caption alignnone\"><a href=\"https:\/\/www.hosekra.com\/strehe\/wp-content\/uploads\/sites\/3\/z_gnt_in_brez_gnt.jpg\" data-rel=\"lightbox-image-1\" data-rl_title=\"\" data-rl_caption=\"\" title=\"\"><img loading=\"lazy\" decoding=\"async\" aria-describedby=\"caption-attachment-502\" class=\"size-medium wp-image-502\" src=\"https:\/\/www.hosekra.com\/strehe\/wp-content\/uploads\/sites\/3\/z_gnt_in_brez_gnt-410x307.jpg\" alt=\"Z GNT in brez GNT\" width=\"410\" height=\"307\" \/><\/a><p id=\"caption-attachment-502\" class=\"wp-caption-text\">Z GNT in brez GNT<\/p><\/div><\/p>\n<p><\/div><\/div>\n<hr \/>\nngg_shortcode_0_placeholder\n<hr \/>\n<p><a href=\"https:\/\/www.hosekra.com\/strehe\/wp-content\/uploads\/sites\/3\/tehnicne_informacije_filc.pdf\">tehnicne_informacije_filc.pdf<\/a><br \/>\n<a href=\"https:\/\/www.hosekra.com\/strehe\/wp-content\/uploads\/sites\/3\/filc_letak.pdf\">filc_letak.pdf<\/a><br \/>\n<a href=\"https:\/\/www.hosekra.com\/strehe\/wp-content\/uploads\/sites\/3\/toplotnoizolacijski_materiali.pdf\">toplotnoizolacijski_materiali.pdf<\/a><br \/>\n<a href=\"https:\/\/www.hosekra.com\/strehe\/wp-content\/uploads\/sites\/3\/posevna_streha.zip\">posevna_streha.zip (.dwg datoteke)<\/a><\/p>\n","protected":false},"excerpt":{"rendered":"<p>Stratos je popolna izbira, \u010de \u017eelite zdru\u017eiti trdnost z eleganco in tradicionalnim kerami\u010dnim stre\u0161nim izgledom. Streha je narejena iz jekla, visoke kakovosti. Z primerjavo z drugimi stre\u0161nimi kritinami ima tudi prednost v zelo nizki te\u017ei, 5 kg\/m2, kar nam zelo olaj\u0161a delo pri name\u0161\u010danju kritine. Stratos-A3 stresne_kritine_z_izolacijo navodila_stratos tehnicna_risba_stratus Izolacija tehnicne_informacije_filc.pdf filc_letak.pdf toplotnoizolacijski_materiali.pdf posevna_streha.zip (.dwg [&hellip;]<\/p>\n","protected":false},"author":1,"featured_media":174,"parent":2,"menu_order":125,"comment_status":"closed","ping_status":"closed","template":"page-strehe.php","meta":{"ngg_post_thumbnail":0,"footnotes":""},"class_list":["post-41","page","type-page","status-publish","hentry"],"yoast_head":"<!-- This site is optimized with the Yoast SEO plugin v27.4 - https:\/\/yoast.com\/product\/yoast-seo-wordpress\/ -->\n<title>Stre\u0161na kritina Stratos zdru\u017euje trdnost z eleganco<\/title>\n<meta name=\"description\" content=\"Stre\u0161na kritina Stratos je popolna izbira, \u010de \u017eelite zdru\u017eiti trdnost z eleganco in tradicionalnim kerami\u010dnim stre\u0161nim pogledom.\" \/>\n<meta name=\"robots\" content=\"index, follow, max-snippet:-1, max-image-preview:large, max-video-preview:-1\" \/>\n<link rel=\"canonical\" href=\"https:\/\/www.hosekra.com\/strehe\/stresne-kritine\/stratos\/\" \/>\n<meta property=\"og:locale\" content=\"sl_SI\" \/>\n<meta property=\"og:type\" content=\"article\" \/>\n<meta property=\"og:title\" content=\"Stre\u0161na kritina Stratos zdru\u017euje trdnost z eleganco\" \/>\n<meta property=\"og:description\" content=\"Stre\u0161na kritina Stratos je popolna izbira, \u010de \u017eelite zdru\u017eiti trdnost z eleganco in tradicionalnim kerami\u010dnim stre\u0161nim pogledom.\" \/>\n<meta property=\"og:url\" content=\"https:\/\/www.hosekra.com\/strehe\/stresne-kritine\/stratos\/\" \/>\n<meta property=\"og:site_name\" content=\"Hosekra Strehe\" \/>\n<meta property=\"article:modified_time\" content=\"2024-03-09T14:03:29+00:00\" \/>\n<meta name=\"twitter:card\" content=\"summary_large_image\" \/>\n<meta name=\"twitter:label1\" content=\"Est. reading time\" \/>\n\t<meta name=\"twitter:data1\" content=\"2 minuti\" \/>\n<script type=\"application\/ld+json\" class=\"yoast-schema-graph\">{\"@context\":\"https:\\\/\\\/schema.org\",\"@graph\":[{\"@type\":\"WebPage\",\"@id\":\"https:\\\/\\\/www.hosekra.com\\\/strehe\\\/stresne-kritine\\\/stratos\\\/\",\"url\":\"https:\\\/\\\/www.hosekra.com\\\/strehe\\\/stresne-kritine\\\/stratos\\\/\",\"name\":\"Stre\u0161na kritina Stratos zdru\u017euje trdnost z eleganco\",\"isPartOf\":{\"@id\":\"https:\\\/\\\/www.hosekra.com\\\/strehe\\\/#website\"},\"primaryImageOfPage\":{\"@id\":\"https:\\\/\\\/www.hosekra.com\\\/strehe\\\/stresne-kritine\\\/stratos\\\/#primaryimage\"},\"image\":{\"@id\":\"https:\\\/\\\/www.hosekra.com\\\/strehe\\\/stresne-kritine\\\/stratos\\\/#primaryimage\"},\"thumbnailUrl\":\"\",\"datePublished\":\"2014-04-11T13:24:56+00:00\",\"dateModified\":\"2024-03-09T14:03:29+00:00\",\"description\":\"Stre\u0161na kritina Stratos je popolna izbira, \u010de \u017eelite zdru\u017eiti trdnost z eleganco in tradicionalnim kerami\u010dnim stre\u0161nim pogledom.\",\"breadcrumb\":{\"@id\":\"https:\\\/\\\/www.hosekra.com\\\/strehe\\\/stresne-kritine\\\/stratos\\\/#breadcrumb\"},\"inLanguage\":\"sl-SI\",\"potentialAction\":[{\"@type\":\"ReadAction\",\"target\":[\"https:\\\/\\\/www.hosekra.com\\\/strehe\\\/stresne-kritine\\\/stratos\\\/\"]}]},{\"@type\":\"ImageObject\",\"inLanguage\":\"sl-SI\",\"@id\":\"https:\\\/\\\/www.hosekra.com\\\/strehe\\\/stresne-kritine\\\/stratos\\\/#primaryimage\",\"url\":\"\",\"contentUrl\":\"\",\"caption\":\"Stre\u0161na kritina Stratos\"},{\"@type\":\"BreadcrumbList\",\"@id\":\"https:\\\/\\\/www.hosekra.com\\\/strehe\\\/stresne-kritine\\\/stratos\\\/#breadcrumb\",\"itemListElement\":[{\"@type\":\"ListItem\",\"position\":1,\"name\":\"Home\",\"item\":\"https:\\\/\\\/www.hosekra.com\\\/strehe\\\/\"},{\"@type\":\"ListItem\",\"position\":2,\"name\":\"Stre\u0161ne kritine\",\"item\":\"https:\\\/\\\/www.hosekra.com\\\/strehe\\\/stresne-kritine\\\/\"},{\"@type\":\"ListItem\",\"position\":3,\"name\":\"Stratos\"}]},{\"@type\":\"WebSite\",\"@id\":\"https:\\\/\\\/www.hosekra.com\\\/strehe\\\/#website\",\"url\":\"https:\\\/\\\/www.hosekra.com\\\/strehe\\\/\",\"name\":\"Hosekra Strehe\",\"description\":\"Stre\u0161ne Kritine, Krovstvo, Monta\u017ea kritine, Streha, \u017dlebovi, Paneli\",\"potentialAction\":[{\"@type\":\"SearchAction\",\"target\":{\"@type\":\"EntryPoint\",\"urlTemplate\":\"https:\\\/\\\/www.hosekra.com\\\/strehe\\\/?s={search_term_string}\"},\"query-input\":{\"@type\":\"PropertyValueSpecification\",\"valueRequired\":true,\"valueName\":\"search_term_string\"}}],\"inLanguage\":\"sl-SI\"}]}<\/script>\n<!-- \/ Yoast SEO plugin. -->","yoast_head_json":{"title":"Stre\u0161na kritina Stratos zdru\u017euje trdnost z eleganco","description":"Stre\u0161na kritina Stratos je popolna izbira, \u010de \u017eelite zdru\u017eiti trdnost z eleganco in tradicionalnim kerami\u010dnim stre\u0161nim pogledom.","robots":{"index":"index","follow":"follow","max-snippet":"max-snippet:-1","max-image-preview":"max-image-preview:large","max-video-preview":"max-video-preview:-1"},"canonical":"https:\/\/www.hosekra.com\/strehe\/stresne-kritine\/stratos\/","og_locale":"sl_SI","og_type":"article","og_title":"Stre\u0161na kritina Stratos zdru\u017euje trdnost z eleganco","og_description":"Stre\u0161na kritina Stratos je popolna izbira, \u010de \u017eelite zdru\u017eiti trdnost z eleganco in tradicionalnim kerami\u010dnim stre\u0161nim pogledom.","og_url":"https:\/\/www.hosekra.com\/strehe\/stresne-kritine\/stratos\/","og_site_name":"Hosekra Strehe","article_modified_time":"2024-03-09T14:03:29+00:00","twitter_card":"summary_large_image","twitter_misc":{"Est. reading time":"2 minuti"},"schema":{"@context":"https:\/\/schema.org","@graph":[{"@type":"WebPage","@id":"https:\/\/www.hosekra.com\/strehe\/stresne-kritine\/stratos\/","url":"https:\/\/www.hosekra.com\/strehe\/stresne-kritine\/stratos\/","name":"Stre\u0161na kritina Stratos zdru\u017euje trdnost z eleganco","isPartOf":{"@id":"https:\/\/www.hosekra.com\/strehe\/#website"},"primaryImageOfPage":{"@id":"https:\/\/www.hosekra.com\/strehe\/stresne-kritine\/stratos\/#primaryimage"},"image":{"@id":"https:\/\/www.hosekra.com\/strehe\/stresne-kritine\/stratos\/#primaryimage"},"thumbnailUrl":"","datePublished":"2014-04-11T13:24:56+00:00","dateModified":"2024-03-09T14:03:29+00:00","description":"Stre\u0161na kritina Stratos je popolna izbira, \u010de \u017eelite zdru\u017eiti trdnost z eleganco in tradicionalnim kerami\u010dnim stre\u0161nim pogledom.","breadcrumb":{"@id":"https:\/\/www.hosekra.com\/strehe\/stresne-kritine\/stratos\/#breadcrumb"},"inLanguage":"sl-SI","potentialAction":[{"@type":"ReadAction","target":["https:\/\/www.hosekra.com\/strehe\/stresne-kritine\/stratos\/"]}]},{"@type":"ImageObject","inLanguage":"sl-SI","@id":"https:\/\/www.hosekra.com\/strehe\/stresne-kritine\/stratos\/#primaryimage","url":"","contentUrl":"","caption":"Stre\u0161na kritina Stratos"},{"@type":"BreadcrumbList","@id":"https:\/\/www.hosekra.com\/strehe\/stresne-kritine\/stratos\/#breadcrumb","itemListElement":[{"@type":"ListItem","position":1,"name":"Home","item":"https:\/\/www.hosekra.com\/strehe\/"},{"@type":"ListItem","position":2,"name":"Stre\u0161ne kritine","item":"https:\/\/www.hosekra.com\/strehe\/stresne-kritine\/"},{"@type":"ListItem","position":3,"name":"Stratos"}]},{"@type":"WebSite","@id":"https:\/\/www.hosekra.com\/strehe\/#website","url":"https:\/\/www.hosekra.com\/strehe\/","name":"Hosekra Strehe","description":"Stre\u0161ne Kritine, Krovstvo, Monta\u017ea kritine, Streha, \u017dlebovi, Paneli","potentialAction":[{"@type":"SearchAction","target":{"@type":"EntryPoint","urlTemplate":"https:\/\/www.hosekra.com\/strehe\/?s={search_term_string}"},"query-input":{"@type":"PropertyValueSpecification","valueRequired":true,"valueName":"search_term_string"}}],"inLanguage":"sl-SI"}]}},"_links":{"self":[{"href":"https:\/\/www.hosekra.com\/strehe\/wp-json\/wp\/v2\/pages\/41","targetHints":{"allow":["GET"]}}],"collection":[{"href":"https:\/\/www.hosekra.com\/strehe\/wp-json\/wp\/v2\/pages"}],"about":[{"href":"https:\/\/www.hosekra.com\/strehe\/wp-json\/wp\/v2\/types\/page"}],"author":[{"embeddable":true,"href":"https:\/\/www.hosekra.com\/strehe\/wp-json\/wp\/v2\/users\/1"}],"replies":[{"embeddable":true,"href":"https:\/\/www.hosekra.com\/strehe\/wp-json\/wp\/v2\/comments?post=41"}],"version-history":[{"count":7,"href":"https:\/\/www.hosekra.com\/strehe\/wp-json\/wp\/v2\/pages\/41\/revisions"}],"predecessor-version":[{"id":6068,"href":"https:\/\/www.hosekra.com\/strehe\/wp-json\/wp\/v2\/pages\/41\/revisions\/6068"}],"up":[{"embeddable":true,"href":"https:\/\/www.hosekra.com\/strehe\/wp-json\/wp\/v2\/pages\/2"}],"wp:featuredmedia":[{"embeddable":true,"href":"https:\/\/www.hosekra.com\/strehe\/wp-json\/wp\/v2\/media\/174"}],"wp:attachment":[{"href":"https:\/\/www.hosekra.com\/strehe\/wp-json\/wp\/v2\/media?parent=41"}],"curies":[{"name":"wp","href":"https:\/\/api.w.org\/{rel}","templated":true}]}}