{"id":1681,"date":"2012-12-15T17:38:43","date_gmt":"2012-12-15T16:38:43","guid":{"rendered":"http:\/\/www.hosekra.com\/dach\/?page_id=1681"},"modified":"2019-09-03T19:41:17","modified_gmt":"2019-09-03T18:41:17","slug":"lichtflachen","status":"publish","type":"page","link":"https:\/\/www.hosekra.com\/dach\/weitere-dachelemente\/lichtflachen\/","title":{"rendered":"Lichtfl\u00e4chen"},"content":{"rendered":"<div class=\"row\"><div class=\"col-sm-6\"><\/p>\n<p class=\"lead\">Systeme, Paneele, Platten, aus Polycarbonat f\u00fcr Lichtfl\u00e4chen in Dach und Wand<\/p>\n<p>Mehr als 30 Jahre nach der Gr\u00fcndung ist AKRAPLAST Sistemi in Gesamteuropa sowie in vielen au\u00dfereurop\u00e4ischen L\u00e4ndern t\u00e4tig und bietet technisch ausgereifte Produkte und Service, die Grundlage des Unternehmenserfolgs sind.<\/p>\n<p><\/div>\n<div class=\"col-sm-6\"><br \/>\n<a href=\"https:\/\/www.hosekra.com\/dach\/wp-content\/uploads\/sites\/4\/akraplastjpg.jpg\" data-rel=\"lightbox-image-0\" data-rl_title=\"\" data-rl_caption=\"\"><img decoding=\"async\" src=\"https:\/\/www.hosekra.com\/dach\/wp-content\/uploads\/sites\/4\/akraplastjpg-340x233.jpg\" alt=\"\" title=\"\" width=\"410\" class=\"alignnone size-medium wp-image-1685 shadow\" \/><\/a><br \/>\n<\/div><\/div>\n<div class=\"row\"><div class=\"col-sm-6\"><\/p>\n<h4>Sun Modul<\/h4>\n<hr \/>\n<p><a href='https:\/\/www.hosekra.com\/dach\/wp-content\/uploads\/sites\/4\/SUN-MODUL_TED.pdf'>SUN MODUL_TED<\/a><a href='https:\/\/www.hosekra.com\/dach\/wp-content\/uploads\/sites\/4\/Sun_Modul.pdf'>Sun_Modul<\/a><br \/>\n<\/div>\n<div class=\"col-sm-6\"><\/p>\n<h4>AKRAPAN<\/h4>\n<hr \/>\n<p><a href='https:\/\/www.hosekra.com\/dach\/wp-content\/uploads\/sites\/4\/AKRAPAN_TED.pdf'>AKRAPAN_TED<\/a><a href='https:\/\/www.hosekra.com\/dach\/wp-content\/uploads\/sites\/4\/Akrapan.pdf'>Akrapan<\/a><br \/>\n<\/div><\/div>\n<div class=\"row\"><div class=\"col-sm-6\"><\/p>\n<h4>AKRALUX Onda<\/h4>\n<hr \/>\n<p><a href='https:\/\/www.hosekra.com\/dach\/wp-content\/uploads\/sites\/4\/AKRALUX-Onda_TED.pdf'>AKRALUX Onda_TED<\/a><a href='https:\/\/www.hosekra.com\/dach\/wp-content\/uploads\/sites\/4\/Akralux_Onda.pdf'>Akralux_Onda<\/a><br \/>\n<\/div>\n<div class=\"col-sm-6\"><\/p>\n<h4>AKRALUX Greca<\/h4>\n<hr \/>\n<p><a href='https:\/\/www.hosekra.com\/dach\/wp-content\/uploads\/sites\/4\/AKRALUX-Greca_TED.pdf'>AKRALUX Greca_TED<\/a><a href='https:\/\/www.hosekra.com\/dach\/wp-content\/uploads\/sites\/4\/Akralux_Greca.pdf'>Akralux_Greca<\/a><br \/>\n<\/div><\/div>\n<div class=\"row\"><div class=\"col-sm-6\"><\/p>\n<h4>AKRALUX Panel<\/h4>\n<hr \/>\n<p><a href='https:\/\/www.hosekra.com\/dach\/wp-content\/uploads\/sites\/4\/AKRALUX-Panel_TED.pdf'>AKRALUX Panel_TED<\/a><a href='https:\/\/www.hosekra.com\/dach\/wp-content\/uploads\/sites\/4\/Akralux_Panel.pdf'>Akralux_Panel<\/a><br \/>\n<\/div>\n<div class=\"col-sm-6\"><br \/>\n&nbsp;<br \/>\n<\/div><\/div>\n<hr \/>\nngg_shortcode_0_placeholder\n","protected":false},"excerpt":{"rendered":"","protected":false},"author":1,"featured_media":1685,"parent":5,"menu_order":0,"comment_status":"closed","ping_status":"closed","template":"page-ostalo.php","meta":{"ngg_post_thumbnail":0,"footnotes":""},"class_list":["post-1681","page","type-page","status-publish","hentry"],"_links":{"self":[{"href":"https:\/\/www.hosekra.com\/dach\/wp-json\/wp\/v2\/pages\/1681","targetHints":{"allow":["GET"]}}],"collection":[{"href":"https:\/\/www.hosekra.com\/dach\/wp-json\/wp\/v2\/pages"}],"about":[{"href":"https:\/\/www.hosekra.com\/dach\/wp-json\/wp\/v2\/types\/page"}],"author":[{"embeddable":true,"href":"https:\/\/www.hosekra.com\/dach\/wp-json\/wp\/v2\/users\/1"}],"replies":[{"embeddable":true,"href":"https:\/\/www.hosekra.com\/dach\/wp-json\/wp\/v2\/comments?post=1681"}],"version-history":[{"count":25,"href":"https:\/\/www.hosekra.com\/dach\/wp-json\/wp\/v2\/pages\/1681\/revisions"}],"predecessor-version":[{"id":5175,"href":"https:\/\/www.hosekra.com\/dach\/wp-json\/wp\/v2\/pages\/1681\/revisions\/5175"}],"up":[{"embeddable":true,"href":"https:\/\/www.hosekra.com\/dach\/wp-json\/wp\/v2\/pages\/5"}],"wp:featuredmedia":[{"embeddable":true,"href":"https:\/\/www.hosekra.com\/dach\/wp-json\/wp\/v2\/media\/1685"}],"wp:attachment":[{"href":"https:\/\/www.hosekra.com\/dach\/wp-json\/wp\/v2\/media?parent=1681"}],"curies":[{"name":"wp","href":"https:\/\/api.w.org\/{rel}","templated":true}]}}